0 and 36.
36
What is the greatest common divisor of 35986 and 38?
38
Calculate the greatest common factor of 327 and 25288.
109
What is the greatest common divisor of 550 and 539?
11
What is the highest common factor of 70146 and 702?
54
What is the greatest common factor of 119 and 58055?
17
What is the highest common factor of 318 and 584007?
159
Calculate the highest common divisor of 13 and 12003004.
13
Calculate the greatest common divisor of 5511 and 7194.
33
What is the greatest common divisor of 1057572 and 232?
116
Calculate the greatest common factor of 2905 and 519580.
415
What is the greatest common divisor of 208230 and 330?
330
What is the greatest common factor of 715 and 603265?
65
What is the highest common divisor of 1640 and 332264?
328
Calculate the greatest common factor of 48 and 21732.
12
What is the greatest common factor of 40 and 217240?
40
What is the greatest common divisor of 1438 and 171841?
719
What is the highest common divisor of 6728 and 256505?
841
What is the highest common factor of 417 and 351809?
139
What is the highest common factor of 396287 and 17?
17
Calculate the greatest common factor of 23 and 67827.
23
Calculate the highest common divisor of 1838538 and 567.
81
What is the greatest common factor of 76968 and 40?
8
Calculate the greatest common divisor of 49 and 297577.
49
What is the greatest common divisor of 16 and 6008?
8
Calculate the highest common factor of 279 and 177134.
31
What is the highest common factor of 1432 and 3608?
8
What is the highest common divisor of 2112 and 103840?
352
What is the greatest common factor of 430 and 5660?
10
What is the highest common divisor of 265189 and 1563?
521
Calculate the highest common divisor of 261 and 87237.
9
What is the highest common factor of 6000100 and 87?
29
Calculate the highest common factor of 3274034 and 186.
62
What is the greatest common divisor of 1150241 and 19?
19
What is the highest common factor of 423247 and 1059?
353
Calculate the greatest common factor of 4160 and 616960.
320
What is the greatest common factor of 39 and 28535?
13
Calculate the greatest common factor of 15609 and 541959.
363
What is the greatest common factor of 23430 and 158685?
1065
Calculate the greatest common factor of 1305285 and 1211.
173
What is the highest common divisor of 8772 and 1632?
204
What is the greatest common factor of 4611 and 42771?
159
Calculate the highest common divisor of 21168 and 28518.
294
Calculate the highest common factor of 1637270 and 340.
170
What is the highest common divisor of 5 and 101735?
5
What is the greatest common factor of 904 and 376?
8
Calculate the highest common divisor of 73715 and 690.
115
What is the greatest common divisor of 708 and 5192?
236
Calculate the highest common factor of 122376 and 64.
8
Calculate the greatest common divisor of 44584 and 392.
8
What is the greatest common divisor of 514 and 549466?
514
What is the highest common divisor of 10 and 49255?
5
What is the highest common factor of 12107808 and 34?
34
Calculate the highest common divisor of 7054 and 62.
2
What is the highest common divisor of 175 and 3125?
25
What is the highest common factor of 114637 and 36917?
1943
Calculate the highest common divisor of 91338 and 7449.
39
Calculate the greatest common factor of 87333 and 1505.
43
Calculate the highest common factor of 2523247 and 3957.
1319
What is the greatest common factor of 62780 and 2064?
172
What is the greatest common divisor of 560 and 356020?
140
Calculate the greatest common divisor of 5396 and 855.
19
What is the highest common factor of 52486 and 2771?
163
What is the greatest common divisor of 208 and 96032?
16
What is the highest common divisor of 820121 and 71?
71
What is the highest common factor of 35868 and 5628?
84
What is the highest common divisor of 105915 and 30?
15
Calculate the greatest common factor of 67106 and 356.
178
Calculate the highest common divisor of 20010 and 1020.
30
What is the highest common factor of 28 and 11522?
14
What is the greatest common factor of 1140 and 113240?
380
What is the highest common divisor of 9594 and 2314?
26
What is the highest common divisor of 2812 and 1102?
38
What is the greatest common divisor of 26541 and 1863?
27
What is the greatest common factor of 429 and 11172447?
429
Calculate the greatest common factor of 136074 and 42.
6
Calculate the greatest common divisor of 6744 and 192.
24
Calculate the highest common factor of 12366 and 12.
6
Calculate the greatest common divisor of 70 and 20958.
14
What is the greatest common factor of 2728 and 63877?
11
What is the greatest common factor of 12064 and 13195?
377
What is the highest common factor of 81326 and 2590?
518
Calculate the greatest common divisor of 24 and 510726.
6
What is the greatest common divisor of 1520 and 11720?
40
What is the highest common factor of 48 and 140508?
12
What is the highest common factor of 294 and 34062?
42
Calculate the highest common divisor of 68728 and 44.
44
What is the highest common factor of 132 and 5420?
4
What is the highest common factor of 2640 and 18832?
176
Calculate the greatest common factor of 29116 and 1856.
116
What is the highest common factor of 64 and 216864?
32
Calculate the highest common factor of 4550 and 12150.
50
Calculate the highest common factor of 22659 and 58017.
249
What is the greatest common divisor of 149160 and 69960?
1320
What is the highest common factor of 246 and 402?
6
Calculate the greatest common factor of 1352791 and 33.
11
Calculate the greatest common divisor of 77 and 5103.
7
Calculate the highest common divisor of 1755 and 79677.
351
Calculate the greatest common factor of 1015126 and 124.
62
Calculate the highest common factor of 1771 and 1016071.
161
Calculate the highest common divisor of 307193 and 12199.
1109
What is the highest common factor of 10200 and 852?
12
What is the highest common factor of 52 and 13602004?
52
Calculate the highest common factor of 413 and 399371.
413
Calculate the greatest common divisor of 141726 and 79.
79
Calculate the highest common factor of 576 and 261952.
64
Calculate the greatest common factor of 28730 and 180.
10
Calculate the greatest common factor of 588 and 144256.
196
Calculate the highest common factor of 15146 and 8.
2
What is the greatest common factor of 84 and 8724?
12
Calculate the greatest common factor of 47 and 3564245.
47
Calculate the highest common divisor of 2101602 and 942.
942
What is the greatest common factor of 34202 and 42578?
698
What is the highest common factor of 15705872 and 23?
23
Calculate the highest common divisor of 32035 and 387.
43
What is the greatest common divisor of 143587 and 4170?
139
What is the greatest common factor of 833 and 119?
119
Calculate the highest common factor of 2877 and 16851.
411
What is the greatest common divisor of 157 and 83?
1
What is the greatest common divisor of 54 and 3858?
6
Calculate the greatest common factor of 3288 and 552.
24
What is the greatest common divisor of 54 and 296541?
27
What is the highest common divisor of 8577 and 162?
9
Calculate the highest common divisor of 456 and 326724.
228
Calculate the greatest common divisor of 258 and 894.
6
Calculate the highest common divisor of 4753 and 19885.
97
What is the greatest common factor of 914560 and 640?
640
What is the greatest common factor of 102 and 1010?
2
Calculate the highest common factor of 16 and 9752.
8
What is the highest common factor of 2008 and 9216?
8
Calculate the greatest common factor of 198306 and 345.
69
Calculate the greatest common divisor of 3177 and 729.
9
What is the greatest common divisor of 236 and 998516?
236
What is the greatest common factor of 2175 and 9309?
87
What is the highest common divisor of 92 and 39629?
23
Calculate the greatest common divisor of 1888112 and 4378.
398
What is the greatest common divisor of 111848 and 99?
11
What is the greatest common factor of 116964 and 204?
12
What is the greatest common factor of 79555 and 980?
35
What is the greatest common factor of 513 and 783?
27
Calculate the highest common divisor of 1765 and 7107655.
1765
What is the greatest common factor of 8979 and 3567?
123
Calculate the highest common divisor of 4040 and 510050.
1010
Calculat